. Let n(b) = 3*i(b) + 5*p(b). Let u(z) = -z**3 - 7*z**2 - 4*z + 6. Let l be u(-6). Calculate n(l).
1
Let p(a) be the first derivative of -6*a - 39 - 2*a**2 + 1/3*a**3. Give p(6).
6
Suppose -5*d + 4*d = -2. Let w be (-7)/(-3) - 2/(-3). Suppose 7 - w = d*y. Let f(l) = -2*l**3 + 2*l - 2. Determine f(y).
-14
Let o(a) = 2*a**3 - 3*a**2 + 4*a - 5. Let p(j) = 4*j**3 + 331 - 9*j**2 + 12*j + 2*j**3 - 347. Let r(q) = 7*o(q) - 2*p(q). Calculate r(2).
9
Let s(b) = b**3 - b**2 - b - 4. Let h be 6/4 - (-66)/4. Let j be (15/h)/(-1)*-6. Suppose d + 3*d + 5 = j*l, d + 2*l = 2. Give s(d).
-4
Let t(q) be the second derivative of -q**3/3 + q**2 - q. Let z = 19 - 16. Suppose 4*s - 8 = -3*v, -v - 6 = -z*s + 2*v. Calculate t(s).
-2
Let r(l) = -5 - 13 - 169877*l + 169882*l. Calculate r(8).
22
Let d(r) = -r**3 - 2*r**2 + r - 1. Let y = 116 - 119. What is d(y)?
5
Let p(y) = y. Let g(x) = -2*x**3 + x**2 + 1. Let c(z) = -g(z) - 2*p(z). Suppose -3 = m - 45. Let j be (m/(-8))/(-7) + 10/8. Calculate c(j).
7
Let a(f) = f**3 + f**2 - 3*f + 3. Let z = 5 - 8. Let t be a(z). Let m(q) be the first derivative of -q**2/2 + 24. Give m(t).
6
Suppose u - 4 = -2. Let f(v) = -4*v**u + 5*v**3 - 2 - 7*v**3 + 2*v**2. What is f(-2)?
6
Let b(v) be the first derivative of 2*v**3 - v**2/2 + v + 2. Suppose -44 = 3*t - 176. Let k = t - 43. Give b(k).
6
Suppose 2*n + 2 = -0. Let t be (-4 - -3)*5 + n. Let y(r) = 2 + 4 - r**2 + 0 - 6*r. What is y(t)?
6
Let y(w) = w**2 - 6. Suppose -10*u = -9*u. Give y(u).
-6
Let a(m) = m - 1 + 0*m**3 + 0*m**3 - m**2 + 5*m**3. Let c = 3 + 3. Suppose 5*f - z = c, -5*f + f = -z - 5. Determine a(f).
4
Let b be 259/42 - (-2)/(-12) - 12. Let z(t) = t**2 + 10*t + 9. Give z(b).
-15
Let w(p) = -p**2 - 16*p - 1. Let f be (-5 - 0) + -9 + 0. Calculate w(f).
27
Let x(v) = -3*v + 0*v + 11*v - 1. Let b(z) = 21*z + 1. Let n be b(0). Determine x(n).
7
Let c(j) = 18*j - 3. Let n = 11 - 6. Let h(w) = -9*w + 1. Let t(p) = n*h(p) + 2*c(p). Determine t(-1).
8
Let i(p) = p - 2. Suppose 0 = -254*a + 260*a + 18. Determine i(a).
-5
Let s(m) be the third derivative of m**4/24 - 5*m**3/2 - 137*m**2. Determine s(3).
-12
Let r(x) = -x**3 - 10*x**2 - 11*x - 13. Let c(u) = -u**2 - 13*u - 9. Let l be c(-13). Calculate r(l).
5
Let o(g) = -g - 3. Let z(a) = -4*a - 4. Let c(t) = -t. Let q(y) = -15*c(y) + 3*z(y). Let v = 506 + -501. Let h be q(v). What is o(h)?
-6
Let l(i) = -2*i + 13*i + 113 - 116. What is l(2)?
19
Let m(z) = -29 + 0*z**2 - 77*z - z**3 + 0*z**2 + 7*z**2 + 76*z + 28. What is m(7)?
-8
Let t(k) = -k + 1. Let n(r) = -r**3 - 17*r**2 + 8. Suppose 44 = -3*d - 7. Let z be n(d). Let p(q) = -q + 12. Let y be p(z). Determine t(y).
-3
Let n(k) = -2*k - 7. Suppose 0 = 5*j + 35 - 0. Give n(j).
7
Let i(z) = 3*z**2 - 84*z - 100. Let m(h) = -h**2 + 30*h + 33. Let v(k) = 6*i(k) + 17*m(k). What is v(4)?
1
Let o be 2 - 5 - 0/1. Let l(b) = 109*b - 38*b - 37*b - 33*b - 4. Give l(o).
-7
Let x(f) = -f**2 - 2*f. Suppose -3*m - 612 = -12*m. Let o = m + -70. Determine x(o).
0
Let d(n) = -n**3 - 8*n**2 - 6*n - 6. Let s(f) = f**3 + 7*f**2 + 4*f + 4. Let x(u) = 2*d(u) + 3*s(u). Calculate x(-5).
0
Suppose -13 = 5*i + 22. Let u(k) be the first derivative of k**4/4 + 7*k**3/3 - k**2/2 + 2*k - 40. Give u(i).
9
Let o(m) = m**3 + 4*m**2 - 4*m + 2. Suppose -p - 26 = -2*u + p, 5*u - 75 = 3*p. Let s(f) = -f**3 + 19*f**2 - 19*f + 13. Let d be s(u). What is o(d)?
-3
Let y(u) = -u**2 + 30*u + 14. Let p(k) = -k**2 + 24*k + 13. Let n(r) = -6*p(r) + 5*y(r). Calculate n(-6).
-8
Let q(d) = -3*d + 26. Let j = -1643 + 1643. Calculate q(j).
26
Let i(m) = -m**2 + 0*m**2 + 2*m**2 + 1 + m - 3*m**2. Let x be i(2). Let a(s) = -s - 7. What is a(x)?
-2
Let n be 2/(-1)*((-45)/10 + 2). Suppose 4*i + 0 - 1 = -5*u, 5*i - 35 = n*u. Let k(m) be the third derivative of m**5/30 + m**4/6 + 2*m**2. What is k(u)?
6
Suppose -4*s - p + 1 = 0, 3*s + p + 3*p - 17 = 0. Let k be -4 - (-6 - 6)/2. Let c(x) = 8*x - 3. Let q(z) = z - 1. Let g(n) = k*q(n) + s*c(n). Determine g(1).
-5
Let u(i) = 1865*i + 0 - 1864*i - 1. Let y(c) = c**3 + 2*c**2 - 4*c - 1. Let q(x) = -2*u(x) - y(x). Calculate q(-3).
6
Let a(t) = -2*t**3 + 2*t**2 - 7*t - 9. Let r be a(-1). Let m(n) = -n**3 + n**2 + 6*n - 5. Determine m(r).
3
Let b = -1 - 1. Let j be (-3 + 2)/(b/24). Suppose 3*y = -y - j. Let q(c) = c. Give q(y).
-3
Let s(g) = 2*g + 15. Let j be s(-8). Let i(o) = -o + 1. Let c(l) = -3*l + 2. Let h(x) = j*c(x) + 5*i(x). What is h(3)?
-3
Let x(a) = a**3 - 3*a**2 - 3*a. Let r be 6*(18/(-4))/(-9). Let k be x(r). Let l = -11 - k. Let u(y) = -y**3 - 2*y**2. Give u(l).
0
Let y(i) = -i**3 - 7*i**2 - 6*i - 1. Suppose 0 = -v - 3*v + 668. Let f = 161 - v. Determine y(f).
-1
Let o(l) = -l**2 - l + 4. Let m(i) = -32*i**2 + 4*i - 12. Let u(s) = m(s) + 3*o(s). Calculate u(-1).
-36
Let a(t) be the second derivative of t**4/12 + t**3/2 - 268*t - 1. Give a(-4).
4
Let l be (2/5)/((-2)/(-30)). Suppose -150 = -37*s - 38*s. Suppose -3*y - 6 = -3*b, 0 = -l*b + s*b - 4*y. Let c(g) = -5*g**3 - g + 1. Give c(b).
-5
Let v(g) = -5*g**2 + 2. Suppose -17 + 5 = -4*q - 5*i, 2*i = 4*q + 16. Calculate v(q).
-18
Suppose 16 = h + 2. Let p = 8 - h. Let r(f) = f**2 + 8*f + 9. Calculate r(p).
-3
Let c(v) = v**2 + 6 + 23*v - v**3 - 3*v**3 - 30*v + 5*v**3. Let m(g) = g**3 + 2*g**2 - 6*g + 5. Let y(k) = -2*c(k) + 3*m(k). Determine y(2).
19
Let q(k) = -k**3 - 9*k**2 + 9*k + 4. Suppose f - 5*p = -35, 0 = -4*f + 130*p - 133*p - 25. Determine q(f).
14
Let a(j) = 18 - 4*j**2 - 6*j**2 - 17. Let t be (-26)/(-6) + 2/(-6). Suppose -t*m + 3 = -m. What is a(m)?
-9
Let q(h) = -h**3 - 2*h**2 + 4*h - 1. Let s be q(-3). Let k = s + 9. Let n(b) = -b**3 + 5*b**2 - b - 4. Calculate n(k).
-9
Let o(x) = -4160*x - x**3 - 5 + 4162*x - 7*x**2 - 6. Give o(-8).
37
Let k be 18/6*6/9. Let h(i) be the first derivative of 0*i**2 + k*i**2 - i - 2*i**3 + 3 - i**2. Calculate h(1).
-5
Let c(f) be the first derivative of -f**4/4 + 2*f**3 - 11*f**2/2 + 9*f - 83. Calculate c(4).
-3
Let q be 8/12 + (-16)/(-3). Let a(x) = 5*x. Let m(w) = -6*w. Suppose 5*b - 6 = -5*f - 1, -4*b = 2*f - 12. Let d(k) = b*a(k) + 4*m(k). Determine d(q).
6
Let l(m) be the first derivative of m**3/3 + 2*m**2 - 2*m + 1. Let j be (-2)/((-1)/(-4) + 117/(-180)). Suppose -j*q - 14 = 6. What is l(q)?
-2
Let c = 266 - 270. Let g(d) = d**3 + 5*d**2 + 2*d. Determine g(c).
8
Suppose 0*k = -2*k + 6. Suppose 3 = -k*x + 12. Let y(b) be the first derivative of -b**3/3 + b**2 - b + 1. Give y(x).
-4
Let q(l) = -3*l**2 - l. Let d = 13 + -8. Suppose 0 = -d*b - 0*b + 10. Suppose -3*v - b*v = -2*k - 15, 0 = 2*v - 2*k - 12. Determine q(v).
-4
Let m be (-3 + (-57)/(-3))*2/(-4). Let o(d) = -d. Let s(t) = -t**3 - 9*t**2 - 4*t + 8. Let x(c) = -3*o(c) - s(c). Give x(m).
0
Let q(m) = m - 2. Let d be ((-8)/(-5))/(8/20). Let z be (13 - 1 - d)/1. Calculate q(z).
6
Let w be (-20)/(-8)*(2 - 0). Let d(u) = -u**3 + 3*u**2 + 5*u + 12. Give d(w).
-13
Let w(k) = -k**2 - 9*k - 13. Let s(h) = h**2 + 9*h + 12. Let p(x) = -7*s(x) - 6*w(x). Let l(v) = -39*v - 357. Let m be l(-9). Determine p(m).
12
Let y(g) be the second derivative of -g**4/12 + g**3/2 - g**2 + 2*g. Let j(x) = 1 + 12 - 5*x + 3*x + 5. Let l be j(8). Give y(l).
0
Suppose -34*r = -45*r + 44. Let w(a) = -a**2 - a - 1. Let g(f) = 3*f**2 - f - 2. Let i(k) = g(k) + 2*w(k). Give i(r).
0
Let v(o) be the first derivative of o**5/60 + o**3 - 3*o**2/2 + 2. Let c(q) be the second derivative of v(q). Suppose -3*h + 17 = 17. Give c(h).
6
Suppose y = -3*y - 48. Let h be (295/20 + -3)*y. Let b be 2/(-9) - h/27. Let m(i) = i**2 - 5*i - 1. Give m(b).
-1
Let c = -77 - -82. Suppose -c*l = 4*w - 12, 2*w - l = 7 + 13. Let o(b) = 2*b - 11. Calculate o(w).
5
Suppose 2*b + 187 = 513. Let a(m) = -163 - 8*m**2 + b + 11*m**3 - m + 7*m**2. Calculate a(-1).
-11
Let f(b) = -4*b + b - 6*b + 2*b + 2 + 2*b. Give f(-3).
17
Let r be (-8)/5*(-40)/16. Let i(t) = -5*t - 4. Let p(v) = -7 + 7 - 3*v - 2. Let o(l) = r*i(l) - 7*p(l). Give o(5).
3
Let q(r) = 4*r**3. Suppose 14 = 4*o + 8*g - 3*g, -4*o + 2*g = 0. Calculate q(o).
4
Suppose 5 = -2*c - 3*c, 3*m - c = 7. Suppose -3*y = 5*p - 3, -2*y - 2*p = -0*y - m. Let g(k) = -5*k**3 - 2*k**2 + 3*k + 2*k - 4*k. Determine g(y).
-6
Let h(k) = -k**2 + 4*k + 2. Let j(a) = -62*a**2 - 6 + 65*a**2 - 3*a - 8*a. Let i(u) = -17*h(u) - 6*j(u). What is i(2)?
-6
Let